x is divided by r?
1
Suppose -160 = -3*t - t. Let c(p) = -3*p**3 - 2*p**2 - 2. Suppose 0*u + u + 2 = 0. What is the remainder when t is divided by c(u)?
12
Let m(d) = 2*d**2 - d - 1. Let i be m(2). Suppose -4*s + 38 = i*y, 3*y + 38 = 2*s + 8. What is the remainder when 22 is divided by s?
10
Suppose -4*i + 3*g = -198, 2*i + 3*g - 42 = i. Calculate the remainder when i is divided by 26.
22
Let a(p) = -p - 4. Let c be a(-8). Suppose 0 = -5*w + 3*w + 2*s + 40, 2*s = c*w - 80. Let q = -6 + w. What is the remainder when 40 is divided by q?
12
Suppose 4*s - 128 = 16. What is the remainder when s is divided by 13?
10
Suppose 3*n - 5*n + 52 = 0. Suppose g = 3*g - n. What is the remainder when 25 is divided by g?
12
Let n(z) = -18*z + 2. Calculate the remainder when n(-1) is divided by 7.
6
Calculate the remainder when ((-6)/8 + 3)/(9/1056) is divided by 14.
12
Let d(x) = 2*x**2 + 2*x - 2. Let s be d(-2). Calculate the remainder when (-44)/(-12) + s/(-3) is divided by 2.
1
Let c(a) = a**2 + 9*a + 7. What is the remainder when 18 is divided by c(-9)?
4
Let b = -21 - -35. Calculate the remainder when 97 is divided by b.
13
Suppose 0 = 2*b - 4*b + 4. What is the remainder when 111 is divided by (112/12)/(b/6)?
27
Suppose -4*i + 6*x - 4*x + 224 = 0, 0 = -2*i + 3*x + 116. Let g = 32 - 18. What is the remainder when i is divided by g?
13
Let z(l) = -2*l + 10. Calculate the remainder when z(-9) is divided by 10.
8
Let m(g) = -g**3 + g**2 - 2. Suppose 3*l + 2 = -4. What is the remainder when 38 is divided by m(l)?
8
Let u = 32 + -45. Let t = 35 + u. Calculate the remainder when 63 is divided by t.
19
Suppose 4*s + p = -2*p + 83, 0 = -4*s + 5*p + 75. Let h(b) = -b**3 - 5*b**2 + 7*b + 8. Calculate the remainder when h(-7) is divided by s.
17
Let p(i) = -i**3 - 6*i**2 + 2*i + 3. Suppose k - 1 = 4*v + 1, 4*k - 2*v + 20 = 0. Let w be p(k). Let x = -7 - w. What is the remainder when 4 is divided by x?
0
What is the remainder when (7/7)/(1/66) is divided by 17?
15
Let u(h) = 0*h**3 + h**3 - 2*h + 0*h**3 - 2 - 5*h**2. Suppose -5*z + 34 = -3*f, -2*f + 10 = 3*f. What is the remainder when u(6) is divided by z?
6
Suppose 4*j - 12 = 2*j. Suppose 5*n - 4 = j. Suppose m - 3*r = 11, 2*r + 1 = -2*m - 1. Calculate the remainder when m is divided by n.
0
Suppose 5 = -2*j - 13. Let o be (-2)/(-5) - 6/15. Let l = o - j. Calculate the remainder when l is divided by 5.
4
Suppose -3*m = -14 - 52. Let y(p) = -p**2 + 7*p + 2. What is the remainder when m is divided by y(6)?
6
Let h(p) = p**3 + 9*p**2 + 2*p - 6. What is the remainder when h(-8) is divided by 22?
20
Let q(u) = -u**2 + 8*u + 16. What is the remainder when 61 is divided by q(8)?
13
Let q be (-6)/(-8) - (-3)/(-4). Suppose -2*h - 23 = -w, q = w + h - 12 - 8. What is the remainder when w is divided by 11?
10
Let s(p) = -p - 3. Let r(m) = m**2 - 8*m + 6. Let l be r(5). What is the remainder when s(l) is divided by 4?
2
Let m(b) = -b**3 + 8*b**2 - 9*b + 1. Let k be m(6). Let z = k + -11. Calculate the remainder when 14 is divided by z.
6
Let w be 2/((-132)/(-45) - 3). Calculate the remainder when 12 is divided by (w/12)/(2/(-4)).
2
Let m = -18 - -31. What is the remainder when -1*(-76)/(4 - 2) is divided by m?
12
Let n = 8 + -5. Suppose -34 = -2*p - 4*x, n*p - 41 = 3*x + x. Suppose -p + 51 = 3*i. Calculate the remainder when 22 is divided by i.
10
Suppose -4*n - 379 = 329. What is the remainder when 37 is divided by 4/24 - n/18?
7
Let d be 27/(-3) + (2 - -1). What is the remainder when 31 is divided by d/(-7 + 4) + 9?
9
Suppose 2*z + 5*d = 3*z + 13, -z - 2*d + 8 = 0. Let q(f) = f + 1. What is the remainder when 4 is divided by q(z)?
1
Suppose 15 = m + 2*m. Suppose -7 - 1 = -3*z + 4*f, 0 = -5*z + m*f + 15. Calculate the remainder when 15 is divided by z.
3
What is the remainder when 25 is divided by (49/35)/((-1)/(-5))?
4
Suppose 14 = 3*d - 1. Let f = d + 2. Calculate the remainder when 18 is divided by f.
4
Let p = -12 - -26. Let o = -80 + 120. Calculate the remainder when o is divided by p.
12
Let g = 181 + -178. Calculate the remainder when 13 is divided by g.
1
Let c = 227 - 134. Suppose 2*k - 15 = c. What is the remainder when k is divided by 14?
12
Let i(z) = -z**2 - 4*z + 4. Let s be i(-5). What is the remainder when 74 is divided by 4/s*133/(-28)?
17
Suppose 0*i - 3*i = 12. Let x(p) = p**2 + 2*p - 1. Calculate the remainder when x(i) is divided by 5.
2
Calculate the remainder when 158 is divided by (8/3)/((-11)/(-165)).
38
Calculate the remainder when ((-8)/(-1))/(5/25) is divided by 21.
19
Suppose -4 = -0*y - 2*y. Suppose -i - 3*w = -34, -2*i - 3*w = y*i - 136. Calculate the remainder when i is divided by 7.
6
Suppose y - 2 - 3 = 0. What is the remainder when y is divided by 2?
1
Suppose 2*v - 71 = -3*q, 0 = 2*v - 12 + 4. Let o = q - 10. Calculate the remainder when o is divided by 3.
2
Let x(m) = m**3 - 6*m**2 + 5. Let s be x(6). Suppose 5*c = 4*k - 161, 232 - 67 = s*k + c. Calculate the remainder when k is divided by 12.
10
Suppose b = 4*b - 4*v - 22, 4*v = b - 18. Let n be (-4)/(-6)*(-3 - -6). Suppose 0 = n*j - 8. What is the remainder when j is divided by b?
0
Suppose -3*q + 6 = -3. Suppose 0 = q*x - 17 - 10. Calculate the remainder when 26 is divided by x.
8
Let c be (1 + -2)/((-1)/9). Let s = c + -6. Suppose s = -j + 16. What is the remainder when 24 is divided by j?
11
Suppose 3*y = 4*a - 2*y - 5, -14 = -4*a + 2*y. Suppose -3*j = -a*j - 12. Let d(t) = -t**3 - 7*t**2 - 6*t + 2. What is the remainder when d(j) is divided by 1?
0
Let t(p) = 4*p - 1. Suppose 3 = b + 1. Suppose -78 = -5*c - 2*d, -b*d - 76 = -5*c - 14. What is the remainder when t(7) is divided by c?
13
Let b = 0 - -5. Let l(u) = u**2 + 6*u + 4. Let t be l(-6). Suppose 64 = 5*i - 3*d, t*i - 32 = 2*i - 2*d. What is the remainder when i is divided by b?
4
Let n(g) be the first derivative of -g**4/4 + 11*g**3/3 + g**2 - 14*g + 3. Calculate the remainder when (-142)/(-6) - 2/3 is divided by n(11).
7
Let f = -45 + 74. Let i(g) = 14*g**2 + 2*g - 3. Calculate the remainder when i(2) is divided by f.
28
Let z(b) = 4*b - 3. Suppose 4*i + 0*c - 101 = c, -2*c = -3*i + 77. Calculate the remainder when i is divided by z(4).
12
Suppose 3*p + k + 11 = -0, -p = -2*k + 13. Let s = 0 - p. Suppose 4*u + 10 - 45 = -s*r, -3*r = -u + 30. What is the remainder when u is divided by 6?
3
Let v be -2 + (19 - (-1 - -3)). Suppose 7*w = 2*w + v. Suppose -w = -3*k + 9. Calculate the remainder when 7 is divided by k.
3
Suppose 0*b = 2*b - 26. What is the remainder when 36 is divided by b?
10
Let k = -23 + 68. Calculate the remainder when k is divided by 12.
9
Let a(t) = 2*t**2 - t + 36. Let d be (12/(-10))/(6/60). What is the remainder when a(0) is divided by 6/(-4)*104/d?
10
Let y(c) = -5*c - 48. What is the remainder when 188 is divided by y(-16)?
28
Suppose -4*h = -5*n - 265, n + 2 = -n. Calculate the remainder when h is divided by 17.
14
Let a(y) = 2*y - 6 - y + 32. Let k = 14 + 0. Calculate the remainder when a(0) is divided by k.
12
Let x = 4 + -2. Suppose -x*z + 99 = 5*p, -3*p - z - 74 = -7*p. What is the remainder when 36 is divided by p?
17
Suppose -33 = -2*t + y, 0 = 2*t + 5*y - 5 + 2. Suppose 5*i - 195 = -5*x, 5*i + 4 = -6. Suppose 16 = -5*d + x. What is the remainder when t is divided by d?
4
Suppose 7*p = 4*p + 126. What is the remainder when p is divided by 11?
9
Suppose -2*j = -2*w - 22, -4*j + 3*w + 43 = -0*w. Suppose -20 = 4*q - 9*q. Calculate the remainder when j is divided by q.
2
Calculate the remainder when (8/3)/(3/45) is divided by (15 - 4) + 4 + -1.
12
Calculate the remainder when 2/8 - 273/(-12) is divided by 6.
5
Let c = 19 - 2. Calculate the remainder when c is divided by -4 - (-1 - (-2 + 10)).
2
Suppose -4*q - 47 = 2*o + 19, 0 = 2*o - q + 71. Let t = 55 + o. What is the remainder when t is divided by 11?
9
Let f(a) = -a**3 + 12*a**2 - 3*a - 11. Calculate the remainder when f(11) is divided by 20.
17
Suppose 0 = -5*j + 244 + 231. Calculate the remainder when j is divided by 48.
47
Suppose -3*w = -g - 6, -36 = -4*g - 4*w + 20. Suppose 6*i - 2*i - 64 = 0. Calculate the remainder when i is divided by g.
7
Let h = -1 - -8. What is the remainder when h is divided by (-550)/(-198) - (-2)/9?
1
Suppose -4*n + 122 - 4 = 2*o, -o - 121 = -4*n. Suppose -n = -5*u